{"id":10,"date":"2014-12-13T00:20:46","date_gmt":"2014-12-13T00:20:46","guid":{"rendered":"http:\/\/linguagemprisma.wordpress.com\/?page_id=10"},"modified":"2025-11-19T19:04:41","modified_gmt":"2025-11-19T23:04:41","slug":"a-fantastica-linguagem-de-programacao-com-comandos-em-pt-br-vale-a-pena-testar","status":"publish","type":"page","link":"https:\/\/linguagemprisma.br4.biz\/blog\/","title":{"rendered":"Prisma &#8211; linguagem de programa\u00e7\u00e3o"},"content":{"rendered":"<p>&nbsp;<\/p>\n<h3 style=\"text-align: left;\"><a href=\"https:\/\/linguagemprisma.br4.biz\/blog\/wp-content\/uploads\/2015\/08\/logo_prisma148.png\"> <img loading=\"lazy\" decoding=\"async\" class=\"aligncenter wp-image-1237 size-full\" src=\"https:\/\/linguagemprisma.br4.biz\/blog\/wp-content\/uploads\/2015\/08\/logo_prisma148.png\" alt=\"logo_prisma148\" width=\"148\" height=\"99\" \/><\/a><\/h3>\n<p><img loading=\"lazy\" decoding=\"async\" class=\"alignnone wp-image-1129\" src=\"https:\/\/linguagemprisma.br4.biz\/blog\/wp-content\/uploads\/2015\/06\/forum.jpg\" alt=\"forum\" width=\"77\" height=\"51\" \/><a href=\"http:\/\/linguagemprisma.br4.biz\/prisma_forum\/\" target=\"_blank\" rel=\"noopener\">Participe do f\u00f3rum!<\/a><\/p>\n<p><img loading=\"lazy\" decoding=\"async\" class=\"alignleft\" src=\"http:\/\/www.lua.org\/images\/logo.gif\" alt=\"Lua\" width=\"60\" height=\"60\" \/><\/p>\n<p>&nbsp;<\/p>\n<p><a href=\"http:\/\/www.lua.org\/\" target=\"_blank\" rel=\"noopener\">Prisma utiliza os fontes de Lua 5.2 visite a p\u00e1gina oficial de Lua &lt;aqui&gt;<\/a><\/p>\n<p><strong>\u00a0 \u00a0Novidades:<\/strong><\/p>\n<ul>\n<li>19\/11\/2025 &#8211; <a href=\"https:\/\/github.com\/adalbermirom\/linguagemprisma\">Prisma 1.0.108 no github\u00a0<\/a> &#8211;\u00a0Esta vers\u00e3o marca um ciclo de an\u00e1lise minuciosa em quase todo o c\u00f3digo, com foco na corre\u00e7\u00e3o e aprimoramento da estabilidade e seguran\u00e7a. O resultado \u00e9 uma das vers\u00f5es mais robustas do Prisma, incorporando melhorias significativas em \u00e1reas cr\u00edticas.<\/li>\n<li>Link do release &#8211; github &#8211; <a href=\"https:\/\/github.com\/adalbermirom\/linguagemprisma\/releases\/tag\/v1.0.108\">prisma-v1.0.108_ubuntu-24-04_x86_64<\/a><\/li>\n<li><img loading=\"lazy\" decoding=\"async\" class=\"wp-image-3350 alignnone\" src=\"https:\/\/linguagemprisma.br4.biz\/blog\/wp-content\/uploads\/2025\/11\/prisma-v1.0.108.png\" alt=\"\" width=\"479\" height=\"290\" srcset=\"https:\/\/linguagemprisma.br4.biz\/blog\/wp-content\/uploads\/2025\/11\/prisma-v1.0.108.png 635w, https:\/\/linguagemprisma.br4.biz\/blog\/wp-content\/uploads\/2025\/11\/prisma-v1.0.108-300x182.png 300w\" sizes=\"auto, (max-width: 479px) 100vw, 479px\" \/><\/li>\n<\/ul>\n<ul>\n<li>29\/12\/2023 &#8211; <a href=\"http:\/\/linguagemprisma.br4.biz\">Prisma 1.0.107\u00a0<\/a> &#8211; Atualiza\u00e7\u00e3o e melhorias na linguagem.<a href=\"http:\/\/linguagemprisma.br4.biz\/#id_000008\"> (Baixar)<\/a> <a href=\"http:\/\/linguagemprisma.br4.biz\/detalhes.html\">(Detalhes)<\/a>\u00a0 <a href=\"http:\/\/linguagemprisma.br4.biz\/Notas_da_versao_nov_2023.html\">(Notas da atualiza\u00e7\u00e3o)<\/a><\/li>\n<li><img loading=\"lazy\" decoding=\"async\" class=\"alignnone wp-image-3302 \" src=\"https:\/\/linguagemprisma.br4.biz\/blog\/wp-content\/uploads\/2023\/12\/prisma2023install.png\" alt=\"\" width=\"501\" height=\"218\" srcset=\"https:\/\/linguagemprisma.br4.biz\/blog\/wp-content\/uploads\/2023\/12\/prisma2023install.png 579w, https:\/\/linguagemprisma.br4.biz\/blog\/wp-content\/uploads\/2023\/12\/prisma2023install-300x131.png 300w\" sizes=\"auto, (max-width: 501px) 100vw, 501px\" \/><\/li>\n<li><del>04\/06\/2018 &#8211; <a href=\"http:\/\/www.mediafire.com\/file\/az4mhc0vukagl97\/prisma-1.0.105-linux.run\/file\" target=\"_blank\" rel=\"noopener\">Prisma-1.0.105 &#8211; Ubuntu 14.04 32bits<\/a> (Instalador pr\u00f3prio modo texto &#8211; execute o arquivo no terminal .\/prisma-1.0.105-linux.run &#8211; n\u00e3o se esque\u00e7a de dar permiss\u00e3o de execut\u00e1vel &#8211; chmod +x prisma-1.0.105-linux.run )<\/del><\/li>\n<li>13\/05\/2018 &#8211; <a href=\"http:\/\/www.mediafire.com\/file\/400q7bxawpp2o72\/prisma-1.0.105-fontes.sh\/file\" target=\"_blank\" rel=\"noopener\">Prisma-1.0.105 &#8211; (Linux, fontes para compilar)<\/a> execute o arquivo no terminal: <strong>sh .\/prisma-1.0.105-fontes.sh<\/strong> para extrair, depois entre na pasta e siga as instru\u00e7\u00f5es em leia-me.txt.<\/li>\n<li>31\/05\/2018 &#8211;\u00a0<a href=\"http:\/\/www.mediafire.com\/file\/tffkw3cnt5cayav\/Prisma_tudo_em_um-1.0.105.exe\/file\" target=\"_blank\" rel=\"noopener\">Prisma-1.0.105 &#8211; (Windows 7, 8, 10 &#8211; instalador inno setup)<\/a><\/li>\n<li>31\/05\/2018 Prisma-1.0.105 aceita nomes de vari\u00e1veis acentuadas, exemplo: usu\u00e1rio = &#8216;nome_user&#8217;; funcao p\u00f5e(); etc.<\/li>\n<li><a href=\"http:\/\/www.mediafire.com\/file\/y77oba2xfud9zhh\/source_prisma-1.0.104.7z\" target=\"_blank\" rel=\"noopener\">13\/08\/2017 &#8211; Fontes Prisma-1.0.104 &#8211; Novas Libs e corre\u00e7\u00f5es de erros (Win e Linux);<\/a><\/li>\n<li><a href=\"http:\/\/www.mediafire.com\/file\/d7u4g4c5y5du88l\/Prisma_instal_win-1.0.102.7z\" target=\"_blank\" rel=\"noopener\">04\/07\/2017 Prisma-1.0.102 para Windows &#8211; 32bits (instalador pr\u00f3prio);<\/a><\/li>\n<li><a href=\"https:\/\/www.mediafire.com\/?1333ace8x7j8593\" target=\"_blank\" rel=\"noopener\">03\/07\/2017 fontes Prisma-1.0.102 (inclusas novas libs: lz4, pmd5, psha1,psha256 em C)<\/a><\/li>\n<li><a href=\"https:\/\/linguagemprisma.br4.biz\/blog\/tutorial-interface-grafica-igprisma\/\">14\/06\/2017 Atualiza\u00e7\u00e3o do tutorial IG interface gr\u00e1fica, p\u00e1ginas<\/a>: \u00a0<a href=\"https:\/\/linguagemprisma.br4.biz\/blog\/tutorial-interface-grafica-igprisma\/\">1<\/a> &#8211; <a href=\"https:\/\/linguagemprisma.br4.biz\/blog\/tutorial-interface-grafica-igprisma-ii-parte\/\">2<\/a> &#8211; <a href=\"https:\/\/linguagemprisma.br4.biz\/blog\/componentes-graficos\/\">3<\/a>\u00a0&#8211; <a href=\"https:\/\/linguagemprisma.br4.biz\/blog\/tutorial-interface-grafica-ig-prisma-parte-iv\/\">4<\/a><\/li>\n<li><a href=\"http:\/\/www.mediafire.com\/file\/u7kdwamuxd8ac6q\/source_prisma-1.0.101.7z\" target=\"_blank\" rel=\"noopener\">14\/05\/2017 &#8211; Source (fontes) Prisma-1.0.101 &#8211; algumas corre\u00e7\u00f5es<\/a><\/li>\n<li><a href=\"https:\/\/linguagemprisma.br4.biz\/blog\/linguagemprisma-netdownload\/\">07\/03\/2017 &#8211; Prisma-1.0.100 Windows 32<\/a><\/li>\n<li><a href=\"https:\/\/linguagemprisma.br4.biz\/blog\/download-para-ubuntu-e-ou-baseados-em-debian\/\">06\/03\/2017 &#8211; Corre\u00e7\u00f5es no core &#8211; Prisma-1.0.100 (para Linux-32);<\/a><\/li>\n<li><span style=\"color: #33cccc;\"><a href=\"https:\/\/linguagemprisma.br4.biz\/blog\/linguagemprisma-netdownload\/\">03\/03\/2017 &#8211; Corre\u00e7\u00f5es na lib sis e no igbr, baixem novamente Prisma. Quem j\u00e1 baixou para Windows baixe a pasta bin que \u00e9 menor.<\/a><\/span><\/li>\n<li><a href=\"http:\/\/www.mediafire.com\/file\/qdtfwpv3h8gh163\/bin-1.0.99.7z\">27\/02\/2017 &#8211; Atualiza\u00e7\u00e3o Prisma-1.0.99 (6MB &#8211; somente pasta bin).<\/a><\/li>\n<li><a href=\"https:\/\/linguagemprisma.br4.biz\/blog\/linguagemprisma-netdownload\/\">27\/02\/2017 &#8211; Atualiza\u00e7\u00e3o Prisma &#8211; algumas corre\u00e7\u00f5es, core da linguagem estabilizado.<\/a><\/li>\n<li><a href=\"https:\/\/linguagemprisma.br4.biz\/blog\/igvlc-biblioteca-audio-e-video-basica\/\">27\/02\/2017 &#8211; igvlc &#8211; \u00e1udio e v\u00eddeo em Windows atualizada. (Linux s\u00f3 \u00e1udio);<\/a><\/li>\n<li><a href=\"http:\/\/www.mediafire.com\/file\/a0lv6ddv3qdf6zv\/source_prisma.7z\" target=\"_blank\" rel=\"noopener\">26\/02\/2017 &#8211; C\u00f3digo fonte Prisma-1.0.99 e libs(apindicador[Ubuntu\/Unity],igbr,igdir,igrede,igvlc,igwebkit, mysql, pcgi, psqlite3, terminal[Linux-readline] e win[windows.h] com algumas corre\u00e7\u00f5es referente a que postei ontem. <\/a><\/li>\n<li>23\/02\/2017 &#8211; Tutorial MySQL atualizado e pronto, link abaixo:<\/li>\n<li><a href=\"https:\/\/linguagemprisma.br4.biz\/blog\/tutorial-mysql-prisma\/\" target=\"_blank\" rel=\"noopener\">22\/02\/2017 &#8211; Tutorial banco de dados MySQL-Prisma <\/a><\/li>\n<li><a href=\"https:\/\/www.mediafire.com\/?7gvxfuxt6juzx0l\" target=\"_blank\" rel=\"noopener\">Baixar tutorial do MySQL &lt;aqui&gt;<\/a><\/li>\n<li><a href=\"https:\/\/linguagemprisma.br4.biz\/blog\/configurando-mysql-xampp-em-windows\/\">21\/02\/2017 &#8211; Configurando senha do MySQL e phpMyAdmin no Windows<\/a><\/li>\n<li><a href=\"https:\/\/linguagemprisma.br4.biz\/blog\/instalando-xampp-no-windows\/\" target=\"_blank\" rel=\"noopener\">21\/02\/2017 Tutorial &#8211; Instalando servidor Xampp no Windows.<\/a><\/li>\n<li><a href=\"http:\/\/www.mediafire.com\/file\/ipuii35agjrte68\/source_so_prisma-1.0.99.7z\" target=\"_blank\" rel=\"noopener\">20\/02\/2017 C\u00f3digo fonte prisma-1.0.99 &#8211; (bibliotecas em breve)<\/a><\/li>\n<li style=\"text-align: left;\"><a href=\"http:\/\/www.mediafire.com\/file\/iye8g73v4kocoxz\/Prisma_instal_win-1.0.99.7z\" target=\"_blank\" rel=\"noopener\">20\/02\/2017 &#8211; Prisma_win-1.0.99 .7z baixar (~21MB)<br \/>\n<\/a><\/li>\n<\/ul>\n<p style=\"padding-left: 30px;\"><img loading=\"lazy\" decoding=\"async\" class=\"alignnone wp-image-2588 \" src=\"https:\/\/linguagemprisma.br4.biz\/blog\/wp-content\/uploads\/2014\/12\/prisma_instal_win.png\" alt=\"prisma_instal_win\" width=\"332\" height=\"193\" srcset=\"https:\/\/linguagemprisma.br4.biz\/blog\/wp-content\/uploads\/2014\/12\/prisma_instal_win.png 526w, https:\/\/linguagemprisma.br4.biz\/blog\/wp-content\/uploads\/2014\/12\/prisma_instal_win-300x175.png 300w\" sizes=\"auto, (max-width: 332px) 100vw, 332px\" \/><\/p>\n<ul>\n<li style=\"box-sizing: border-box; border: 0px; font-family: 'Century Gothic'; font-size: 15px; margin: 0px 0px 1.5em; outline: 0px; padding: 0px; vertical-align: baseline; color: #404040; line-height: 22.5px; background: transparent;\">20\/02\/2017 &#8211; <a href=\"http:\/\/www.mediafire.com\/file\/bx1ob6973i66qwr\/libgtksourceview2.0.so.zip\" target=\"_blank\" rel=\"noopener\">Baixe a shared library libgtksourceview-2.0.so (Linux-32bits) caso seu sistema apresente erro por falta dela. (~2MB)<\/a><\/li>\n<li style=\"box-sizing: border-box; border: 0px; font-family: 'Century Gothic'; font-size: 15px; margin: 0px 0px 1.5em; outline: 0px; padding: 0px; vertical-align: baseline; color: #404040; line-height: 22.5px; background: transparent;\">18\/02\/2017 <a href=\"http:\/\/www.mediafire.com\/file\/0t003qn58o4itjl\/exemplos_prisma.7z\" target=\"_blank\" rel=\"noopener\">Exemplos Prisma &#8211; testem e reportem bugs (baixar)<\/a>\u00a0\u00a0 (<a href=\"http:\/\/linguagemprisma.br4.biz\/prisma_forum\/index.php?board=6.0\" target=\"_blank\" rel=\"noopener\">reportar bugs aqui<\/a>);<\/li>\n<li style=\"box-sizing: border-box; border: 0px; font-family: 'Century Gothic'; font-size: 15px; margin: 0px 0px 1.5em; outline: 0px; padding: 0px; vertical-align: baseline; color: #404040; line-height: 22.5px; background: transparent;\">18\/02\/2017 (Atualizado 26\/02\/2017) <a href=\"http:\/\/www.mediafire.com\/file\/lka93a424k52laa\/Prisma_instal_linux-1.0.99.7z\" target=\"_blank\" rel=\"noopener\">Lan\u00e7amento: Prisma-1.0.99.7z Linux (~3MB).<\/a><\/li>\n<\/ul>\n<p style=\"padding-left: 30px;\"><a href=\"https:\/\/linguagemprisma.br4.biz\/blog\/wp-content\/uploads\/2014\/12\/setup-gui.png\"><img loading=\"lazy\" decoding=\"async\" class=\"wp-image-2568 size-medium alignnone\" src=\"https:\/\/linguagemprisma.br4.biz\/blog\/wp-content\/uploads\/2014\/12\/setup-gui-300x202.png\" alt=\"setup-gui\" width=\"300\" height=\"202\" srcset=\"https:\/\/linguagemprisma.br4.biz\/blog\/wp-content\/uploads\/2014\/12\/setup-gui-300x202.png 300w, https:\/\/linguagemprisma.br4.biz\/blog\/wp-content\/uploads\/2014\/12\/setup-gui.png 449w\" sizes=\"auto, (max-width: 300px) 100vw, 300px\" \/><\/a><\/p>\n<ul>\n<li>31\/01\/2016 <a href=\"https:\/\/linguagemprisma.br4.biz\/blog\/tutorial-banco-de-dados-sqlite3-prisma\/\" target=\"_blank\" rel=\"noopener\">Tutorial sqlite3 Prisma<\/a>\u00a0| <a href=\"https:\/\/linguagemprisma.br4.biz\/blog\/wp-content\/uploads\/2016\/02\/Tutorial-banco-de-dados-sqlite3-prisma-_-Prisma.pdf\" target=\"_blank\" rel=\"noopener\">vers\u00e3o pdf aqui.<\/a><\/li>\n<li>12\/01\/2016 &#8211; <a href=\"https:\/\/linguagemprisma.br4.biz\/blog\/prisma-web-tutorial\/\">Tutorial web com Prisma cgi<\/a><\/li>\n<li>08\/01\/2016 &#8211; <a href=\"https:\/\/linguagemprisma.br4.biz\/blog\/instalando-servidor-xampp\/\">Como instalar um servidor em seu computador.<\/a><\/li>\n<li>08\/01\/2016 &#8211; <a href=\"https:\/\/linguagemprisma.br4.biz\/blog\/web\/testes-com-prisma-cgi-em-servidor-com-sucesso\/\">Teste de execu\u00e7\u00e3o de prisma via web em servidor local. Veja os \u00faltimos posts.<\/a><\/li>\n<li>14-10-2015 &#8211; <a href=\"https:\/\/linguagemprisma.br4.biz\/blog\/especial-biblioteca-win-algumas-funcoes-do-windows-h\/\" target=\"_blank\" rel=\"noopener\">Mudan\u00e7as na biblioteca win, algumas j\u00e1 est\u00e3o postadas no tutorial win, clique aqui e v\u00e1 ao final da p\u00e1gina.<\/a><\/li>\n<li>12-10-2015 &#8211;<a href=\"http:\/\/linguagemprisma.br4.biz\/ccount\/click.php?id=baixar_prisma_menu\"> Problemas em rela\u00e7\u00e3o aos downloads resolvidos. Mudan\u00e7as na p\u00e1gina de downloads, todos transferidos para o mediafire.<\/a><\/li>\n<li>11-09-2015 &#8211; <a href=\"https:\/\/linguagemprisma.br4.biz\/blog\/tutorial-principais-funcoes-prisma\/\" target=\"_blank\" rel=\"noopener\">Tutorial &#8211; Principais fun\u00e7\u00f5es Prisma. (Unidade II do Manual)<\/a><\/li>\n<li>07-09-2015 &#8211; <a href=\"https:\/\/linguagemprisma.br4.biz\/blog\/igvlc-biblioteca-audio-e-video-basica\/\" target=\"_blank\" rel=\"noopener\">Biblioteca de \u00e1udio e v\u00eddeo: igvlc para Prisma (somente para Windows) &lt;clique aqui&gt;<\/a><\/li>\n<\/ul>\n<p><a href=\"https:\/\/linguagemprisma.br4.biz\/blog\/wp-content\/uploads\/2014\/12\/igvlc.png\"><img loading=\"lazy\" decoding=\"async\" class=\"alignnone wp-image-1004\" src=\"https:\/\/linguagemprisma.br4.biz\/blog\/wp-content\/uploads\/2014\/12\/igvlc-300x250.png\" alt=\"igvlc\" width=\"106\" height=\"88\" srcset=\"https:\/\/linguagemprisma.br4.biz\/blog\/wp-content\/uploads\/2014\/12\/igvlc-300x250.png 300w, https:\/\/linguagemprisma.br4.biz\/blog\/wp-content\/uploads\/2014\/12\/igvlc.png 620w\" sizes=\"auto, (max-width: 106px) 100vw, 106px\" \/><\/a><\/p>\n<ul>\n<li>17-06-2015 &#8211;<a href=\"https:\/\/linguagemprisma.br4.biz\/blog\/download-para-ubuntu-e-ou-baseados-em-debian\/\" target=\"_blank\" rel=\"noopener\"> Download para Linux prisma 1.0.92 e prismacod 0.3 atualizados em 7z, com instalador pr\u00f3prio.<\/a><\/li>\n<li>17-06-2015<a href=\"http:\/\/linguagemprisma.br4.biz\/ccount\/click.php?id=arquivo_lang\" target=\"_blank\" rel=\"noopener\"> Quem baixou apenas a atualiza\u00e7\u00e3o para Windows (pasta bin ) deve baixar tamb\u00e9m o arquivo com as configura\u00e7\u00f5es de coloriza\u00e7\u00e3o dos comandos, descompacte e leia as instru\u00e7\u00f5es.<\/a><\/li>\n<li>15-06-2015 <a href=\"https:\/\/linguagemprisma.br4.biz\/blog\/linguagemprisma-netdownload\/\" target=\"_blank\" rel=\"noopener\">Corre\u00e7\u00f5es no instalador, agora possui desinstalador tamb\u00e9m. Melhorias na colora\u00e7\u00e3o dos comandos no Prismacod, tanto das bibliotecas padr\u00e3o de Prisma quanto da igbr , win, igsqlite3, igdir. Cria\u00e7\u00e3o da vari\u00e1vel reservada sis.nome para saber o sistema operacional, por enquanto o retorno \u00e9 apenas &#8216;linux&#8217; ou &#8216;win32&#8217;;<\/a><\/li>\n<li>12-06-2015 <a href=\"https:\/\/linguagemprisma.br4.biz\/blog\/linguagemprisma-netdownload\/\" target=\"_blank\" rel=\"noopener\">Prisma 1.0.92 corre\u00e7\u00f5es no igbr, melhorias no prismacod editor, agora suporta plugins, crie o seu<\/a>.<\/li>\n<li>06-06-2015<span style=\"color: #3366ff;\"> s\u00e9rie de corre\u00e7\u00f5es dos bugs nas fun\u00e7\u00f5es referente a texto_buffer, texto_area, codigo_area;<\/span><\/li>\n<li>01-06-2015 <a title=\"Baixar prisma 1.0.91x\" href=\"http:\/\/linguagemprisma.br4.biz\/ccount\/click.php?id=baixar_prisma_menu\" target=\"_blank\" rel=\"noopener\">corre\u00e7\u00f5es em Prisma 1.0.91x<\/a><\/li>\n<li>31\/05\/2015 \u00a0 \u00a0<a title=\"Manual-basico-pdf\" href=\"http:\/\/linguagemprisma.br4.biz\/prisma_download\/manual_basico_prisma_1.0.pdf\" target=\"_blank\" rel=\"noopener\">Manual b\u00e1sico em pdf\u00a0<\/a><\/li>\n<li>31\/05\/2015 &#8211; <a title=\"Manual b\u00e1sico\" href=\"https:\/\/linguagemprisma.br4.biz\/blog\/manual-basico\/\" target=\"_blank\" rel=\"noopener\">update no manual p\u00e1gina \u00fanica, bibliotecas mat. e tabela.<\/a><\/li>\n<li>27\/05\/2015 &#8211; <a title=\"Manual b\u00e1sico\" href=\"http:\/\/linguagemprisma.br4.biz\/manual-basico\/\" target=\"_blank\" rel=\"noopener\">update nos manuais, bibliotecas sis e es;<\/a><\/li>\n<li>22\/05\/2015 <a title=\"baixar Prisma\" href=\"https:\/\/linguagemprisma.br4.biz\/blog\/linguagemprisma-netdownload\/\" target=\"_blank\" rel=\"noopener\">Prisma 1.0.91\u00a0<\/a><\/li>\n<li>10\/05\/2015<a title=\"Editor Geany portable\" href=\"https:\/\/linguagemprisma.br4.biz\/blog\/editor-geany-portable\/\" target=\"_blank\" rel=\"noopener\"> Geany portable com arquivo de configura\u00e7\u00e3o Prisma<\/a><\/li>\n<li>10\/05\/2015 <a title=\"baixar Prisma\" href=\"https:\/\/linguagemprisma.br4.biz\/blog\/linguagemprisma-netdownload\/\" target=\"_blank\" rel=\"noopener\">Prisma 1.0.9<\/a><\/li>\n<li>10\/05\/2015 Prisma para Ubuntu:<\/li>\n<\/ul>\n<p><a title=\"Download para Ubuntu e \/ou baseados em Debian\" href=\"https:\/\/linguagemprisma.br4.biz\/blog\/download-para-ubuntu-e-ou-baseados-em-debian\/\"><img loading=\"lazy\" decoding=\"async\" class=\"alignnone wp-image-476\" src=\"http:\/\/linguagemprisma.br4.biz\/wp-content\/uploads\/2014\/12\/editor_prisma-300x262.png\" alt=\"editor_prisma\" width=\"130\" height=\"114\" \/><\/a><\/p>\n<p><a style=\"box-sizing: border-box; border: 0px; margin: 0px; outline: 0px; padding: 0px; vertical-align: baseline; text-decoration: none;\" title=\"f\u00f3rum\" href=\"http:\/\/linguagemprisma.br4.biz\/prisma_forum\" target=\"_blank\" rel=\"noopener\"><img loading=\"lazy\" decoding=\"async\" class=\"wp-image-222 alignleft\" style=\"box-sizing: border-box; height: 59px; max-width: 100%; border: 0px;\" src=\"https:\/\/linguagemprisma.br4.biz\/blog\/wp-content\/uploads\/2015\/06\/forum.jpg\" alt=\"tutoriais\" width=\"89\" height=\"64\" \/><\/a><a title=\"baixar Prisma\" href=\"https:\/\/linguagemprisma.br4.biz\/blog\/linguagemprisma-netdownload\/\" target=\"_blank\" rel=\"noopener\"><img loading=\"lazy\" decoding=\"async\" class=\"wp-image-188 alignleft\" src=\"http:\/\/linguagemprisma.br4.biz\/wp-content\/uploads\/2014\/12\/download2-300x68.jpeg\" alt=\"download2\" width=\"194\" height=\"44\" \/><\/a><\/p>\n<p>&nbsp;<\/p>\n<p>&nbsp;<\/p>\n<p>Exemplos de c\u00f3digos:<\/p>\n<pre class=\"lang:prisma decode:true\" title=\"c\u00f3digos simples:\"> imprima \"Ol\u00e1 Mundo!\";<\/pre>\n<pre class=\"lang:prisma decode:true \">\/\/exemplo de fatorial\r\nfuncao fatorial(n)\r\n  se n == 0 entao\r\n    retorne 1\r\n  senao\r\n    retorne n * fatorial(n - 1)\r\n  fim\r\nfim\r\n\r\nimprima( fatorial(9) ); \/\/--&gt; 362880\r\n\r\n<\/pre>\n<pre class=\"lang:prisma decode:true \">\/\/s\u00e9rie de Fibonacci\r\nfuncao fib(n)\r\n      a, b = 0, 1\r\n              enquanto a &lt; n inicio\r\n               es.escreva(a, ' ')\r\n               a, b = b, a+b\r\n            fim\r\n      imprima()\r\nfim\r\n\r\nfib(1000)\r\n\r\n\/\/ 0 1 1 2 3 5 8 13 21 34 55 89 144 233 377 610 987\r\n<\/pre>\n<p>&nbsp;<\/p>\n<p>Prisma \u00e9 uma linguagem de programa\u00e7\u00e3o interpretada com comandos em portugu\u00eas do Brasil.\u00a0Ela pode ser muito \u00fatil para aprendizagem de iniciantes em cursos de programa\u00e7\u00e3o, ou mesmo para ser usada profissionalmente, visto que possui caracter\u00edsticas das linguagens mais atuais, \u00a0como Python, Ruby, Perl, etc.<\/p>\n<p><strong>Att. Adalberto<br \/>\n<\/strong><\/p>\n<p><a href=\"https:\/\/linguagemprisma.br4.biz\/blog\/wp-content\/uploads\/2015\/08\/logo_prisma148.png\"><img loading=\"lazy\" decoding=\"async\" class=\"alignnone size-full wp-image-1237 aligncenter\" src=\"https:\/\/linguagemprisma.br4.biz\/blog\/wp-content\/uploads\/2015\/08\/logo_prisma148.png\" alt=\"logo_prisma148\" width=\"148\" height=\"99\" \/><\/a><\/p>\n<p>&nbsp;<\/p>\n<p>&nbsp;<\/p>\n","protected":false},"excerpt":{"rendered":"<p>&nbsp; Participe do f\u00f3rum! &nbsp; Prisma utiliza os fontes de Lua 5.2 visite a p\u00e1gina oficial de Lua &lt;aqui&gt; \u00a0 \u00a0Novidades: 19\/11\/2025 &#8211; Prisma 1.0.108 no github\u00a0 &#8211;\u00a0Esta vers\u00e3o marca um ciclo de an\u00e1lise minuciosa em quase todo o c\u00f3digo, com foco na corre\u00e7\u00e3o e aprimoramento da estabilidade e seguran\u00e7a. O resultado \u00e9 uma das&#8230;<\/p>\n","protected":false},"author":1,"featured_media":0,"parent":0,"menu_order":0,"comment_status":"open","ping_status":"open","template":"","meta":{"footnotes":""},"class_list":["post-10","page","type-page","status-publish","hentry"],"_links":{"self":[{"href":"https:\/\/linguagemprisma.br4.biz\/blog\/wp-json\/wp\/v2\/pages\/10","targetHints":{"allow":["GET"]}}],"collection":[{"href":"https:\/\/linguagemprisma.br4.biz\/blog\/wp-json\/wp\/v2\/pages"}],"about":[{"href":"https:\/\/linguagemprisma.br4.biz\/blog\/wp-json\/wp\/v2\/types\/page"}],"author":[{"embeddable":true,"href":"https:\/\/linguagemprisma.br4.biz\/blog\/wp-json\/wp\/v2\/users\/1"}],"replies":[{"embeddable":true,"href":"https:\/\/linguagemprisma.br4.biz\/blog\/wp-json\/wp\/v2\/comments?post=10"}],"version-history":[{"count":136,"href":"https:\/\/linguagemprisma.br4.biz\/blog\/wp-json\/wp\/v2\/pages\/10\/revisions"}],"predecessor-version":[{"id":3351,"href":"https:\/\/linguagemprisma.br4.biz\/blog\/wp-json\/wp\/v2\/pages\/10\/revisions\/3351"}],"wp:attachment":[{"href":"https:\/\/linguagemprisma.br4.biz\/blog\/wp-json\/wp\/v2\/media?parent=10"}],"curies":[{"name":"wp","href":"https:\/\/api.w.org\/{rel}","templated":true}]}}