{"id":1124,"date":"2015-06-06T15:14:31","date_gmt":"2015-06-06T15:14:31","guid":{"rendered":"http:\/\/linguagemprisma.net\/blog\/?page_id=1124"},"modified":"2015-12-28T13:11:29","modified_gmt":"2015-12-28T17:11:29","slug":"contato","status":"publish","type":"page","link":"https:\/\/linguagemprisma.br4.biz\/blog\/contato\/","title":{"rendered":"Contato"},"content":{"rendered":"<p><a href=\"https:\/\/linguagemprisma.br4.biz\/blog\/wp-content\/uploads\/2015\/06\/email.jpg\"><img loading=\"lazy\" decoding=\"async\" class=\"alignnone wp-image-1127\" src=\"https:\/\/linguagemprisma.br4.biz\/blog\/wp-content\/uploads\/2015\/06\/email.jpg\" alt=\"email\" width=\"63\" height=\"63\" srcset=\"https:\/\/linguagemprisma.br4.biz\/blog\/wp-content\/uploads\/2015\/06\/email.jpg 225w, https:\/\/linguagemprisma.br4.biz\/blog\/wp-content\/uploads\/2015\/06\/email-150x150.jpg 150w\" sizes=\"auto, (max-width: 63px) 100vw, 63px\" \/><\/a>\u00a0Voc\u00ea pode entrar em contato pelo e-mail oficial: \u00a0&lt;linguagemprisma@gmail.com&gt;<\/p>\n<p><a href=\"https:\/\/linguagemprisma.br4.biz\/blog\/wp-content\/uploads\/2015\/06\/comments.jpg\"><img loading=\"lazy\" decoding=\"async\" class=\"alignnone wp-image-1128\" src=\"https:\/\/linguagemprisma.br4.biz\/blog\/wp-content\/uploads\/2015\/06\/comments.jpg\" alt=\"comments\" width=\"70\" height=\"45\" \/><\/a>\u00a0Pode tamb\u00e9m deixar suas d\u00favidas aqui nos coment\u00e1rios;<\/p>\n<p><a href=\"https:\/\/linguagemprisma.br4.biz\/blog\/wp-content\/uploads\/2015\/06\/forum.jpg\"><img loading=\"lazy\" decoding=\"async\" class=\"alignnone wp-image-1129\" src=\"https:\/\/linguagemprisma.br4.biz\/blog\/wp-content\/uploads\/2015\/06\/forum.jpg\" alt=\"forum\" width=\"114\" height=\"76\" \/><\/a>Ou no f\u00f3rum oficial: <a href=\"http:\/\/linguagemprisma.br4.biz\/prisma_forum\" target=\"_blank\">&lt;aqui&gt;<\/a><\/p>\n<p>&nbsp;<\/p>\n<p>Ol\u00e1, meu nome \u00e9 Adalberto, estou nesse desafio de manter este projeto pessoal. Ele surgiu da ideia de construir rotinas em C que depois de prontas facilitariam a vida do programador. Como construir uma linguagem do zero estava al\u00e9m das minhas habilidades resolvi procurar c\u00f3digos j\u00e1 existentes. Encontrei Lua, uma linguagem pequena, r\u00e1pida, flex\u00edvel e f\u00e1cil de construir fun\u00e7\u00f5es para estender novas funcionalidades. Assim surgiu Prisma, no intuito de facilitar a vida de quem est\u00e1 come\u00e7ando no mundo da programa\u00e7\u00e3o e ao mesmo tempo para ser usada em situa\u00e7\u00f5es reais, contando com uma vers\u00e3o adaptada com sintaxe em portugu\u00eas do Brasil.<\/p>\n<p>O maior desafio \u00e9 acrescentar a interface gr\u00e1fica, esta sim estou fazendo na unha, usando como toolkit o Gtk, ainda falta muito, mas o projeto vem crescendo aos poucos.<\/p>\n<p>Outro desafio \u00e9 prover fun\u00e7\u00f5es de bancos de dados, m\u00eddia e web que por enquanto est\u00e3o e testes.<\/p>\n<p>Espero que este projeto seja \u00fatil a algu\u00e9m.<\/p>\n<p>Att. Adalberto<\/p>\n","protected":false},"excerpt":{"rendered":"<p>\u00a0Voc\u00ea pode entrar em contato pelo e-mail oficial: \u00a0&lt;linguagemprisma@gmail.com&gt; \u00a0Pode tamb\u00e9m deixar suas d\u00favidas aqui nos coment\u00e1rios; Ou no f\u00f3rum oficial: &lt;aqui&gt; &nbsp; Ol\u00e1, meu nome \u00e9 Adalberto, estou nesse desafio de manter este projeto pessoal. Ele surgiu da ideia de construir rotinas em C que depois de prontas facilitariam a vida do programador. Como&#8230;<\/p>\n","protected":false},"author":1,"featured_media":0,"parent":0,"menu_order":0,"comment_status":"open","ping_status":"open","template":"","meta":{"footnotes":""},"class_list":["post-1124","page","type-page","status-publish","hentry"],"_links":{"self":[{"href":"https:\/\/linguagemprisma.br4.biz\/blog\/wp-json\/wp\/v2\/pages\/1124","targetHints":{"allow":["GET"]}}],"collection":[{"href":"https:\/\/linguagemprisma.br4.biz\/blog\/wp-json\/wp\/v2\/pages"}],"about":[{"href":"https:\/\/linguagemprisma.br4.biz\/blog\/wp-json\/wp\/v2\/types\/page"}],"author":[{"embeddable":true,"href":"https:\/\/linguagemprisma.br4.biz\/blog\/wp-json\/wp\/v2\/users\/1"}],"replies":[{"embeddable":true,"href":"https:\/\/linguagemprisma.br4.biz\/blog\/wp-json\/wp\/v2\/comments?post=1124"}],"version-history":[{"count":4,"href":"https:\/\/linguagemprisma.br4.biz\/blog\/wp-json\/wp\/v2\/pages\/1124\/revisions"}],"predecessor-version":[{"id":1553,"href":"https:\/\/linguagemprisma.br4.biz\/blog\/wp-json\/wp\/v2\/pages\/1124\/revisions\/1553"}],"wp:attachment":[{"href":"https:\/\/linguagemprisma.br4.biz\/blog\/wp-json\/wp\/v2\/media?parent=1124"}],"curies":[{"name":"wp","href":"https:\/\/api.w.org\/{rel}","templated":true}]}}