{"id":526,"date":"2015-01-12T03:09:09","date_gmt":"2015-01-12T03:09:09","guid":{"rendered":"http:\/\/linguagemprisma.net\/?page_id=526"},"modified":"2016-08-18T15:51:39","modified_gmt":"2016-08-18T19:51:39","slug":"cores-em-ig-prisma","status":"publish","type":"page","link":"https:\/\/linguagemprisma.br4.biz\/blog\/cores-em-ig-prisma\/","title":{"rendered":"cores em ig prisma"},"content":{"rendered":"<p><img loading=\"lazy\" decoding=\"async\" class=\"rg_i aligncenter\" src=\"https:\/\/encrypted-tbn2.gstatic.com\/images?q=tbn:ANd9GcS13kjILyRKlbBPKoc3O36-H83tiKtHhKeqw9SXP5FwXCPef3KL\" alt=\"\" width=\"117\" height=\"78\" name=\"OIWGG0XGjXN3KM:\" data-src=\"https:\/\/encrypted-tbn2.gstatic.com\/images?q=tbn:ANd9GcS13kjILyRKlbBPKoc3O36-H83tiKtHhKeqw9SXP5FwXCPef3KL\" data-sz=\"f\" \/><\/p>\n<p>N\u00f3s podemos obter cores de duas formas, uma \u00e9 a fun\u00e7\u00e3o ig.cor e outra \u00e9 a fun\u00e7\u00e3o ig.cor_analise.<\/p>\n<p><strong>ig.cor<\/strong> recebe tr\u00eas argumentos num\u00e9ricos e retorna uma tabela rgb, ex.: cor = ig.cor( 9999999 , 0 , 0 ); \/\/vermelho<\/p>\n<p>o primeiro par\u00e2metro \u00e9 um n\u00famero de 0 a 99999999 para o vermelho (Red);<\/p>\n<p>o segundo \u00e9\u00a0 um n\u00famero de 0 a 99999999 para o verde (Green), e o terceiro \u00e9\u00a0 um n\u00famero de 0 a 99999999 para o azul (Blue).<\/p>\n<p>A combina\u00e7\u00e3o destas tr\u00eas varia\u00e7\u00f5es resulta na cor desejada ( RGB);<\/p>\n<p><strong>ig.cor_analise<\/strong> recebe uma string de c\u00f3digo ou nome de cor e retorna uma tabela de cor pronta.<\/p>\n<p>Bom, voc\u00ea pode ir direto na tabela de cores<a title=\"tabela de cores\" href=\"http:\/\/linguagemprisma.br4.biz\/prisma_download\/tabela-cores.html\" target=\"_blank\"> clicando aqui<\/a><\/p>\n<p>e usar os nomes em ingl\u00eas da seguinte forma:\u00a0\u00a0\u00a0\u00a0 cor = ig.cor_analise( nome );<\/p>\n<p>onde nome \u00e9 uma string que pode ser o nome da cor ex.: &#8220;darkblue&#8221;, ou o c\u00f3digo ex.: &#8220;<span style=\"color: #000000; font-family: verdana; font-size: xx-small;\">#00008B<\/span>&#8221; ;<\/p>\n<p>&nbsp;<\/p>\n<p>A tabela \u00e9 algo bem vasto a ser aproveitado, mas se a cor que voc\u00ea quer \u00e9 simples ent\u00e3o use os valores abaixo:<br \/>\nig.branco<br \/>\nig.vermelho<br \/>\nig.azul<br \/>\nig.amarelo<br \/>\nig.verde<br \/>\nig.cinza<br \/>\nig.preto<br \/>\nig.ouro<br \/>\nig.marrom<br \/>\nig.rosa<br \/>\nig.turquesa<br \/>\nig.ciano<br \/>\nig.magenta<br \/>\nig.violeta<br \/>\nig.roxo<br \/>\nig.laranja<br \/>\nig.aguamarinha<br \/>\nig.oliva<\/p>\n<p>&nbsp;<\/p>\n<p>exemplo de uso &#8211;\u00a0\u00a0 cor = ig.cor_analise ( ig.branco ) ; ig.componente_modifique_corletra ( rotulo , cor );<\/p>\n<p>para obter as varia\u00e7\u00f5es escuro, claro, marinho, a\u00e7o, profundo, celeste, primavera; basta concatenar antes da cor as vari\u00e1veis:<\/p>\n<p>escuro &#8211; ex: \u00a0 \u00a0 cor = ig.cor_analise ( escuro .. ig.vermelho ); \/\/retorna uma tabela rgb da cor azul escuro<\/p>\n<p>claro &#8211; ex.: cor = ig.cor_analise ( claro .. ig.verde );<br \/>\nceleste &#8211; ex.: cor = ig.cor_analise ( celeste .. ig.azul );<br \/>\nmarinho\u00a0 &#8211; ex: cor = ig.cor_analise ( marinho .. ig.azul );<br \/>\naco\u00a0 &#8211; ex: cor = ig.cor_analise ( aco .. ig.azul );<br \/>\nprofundo &#8211; ex : cor = ig.cor_analise ( profundo .. ig.azul );<br \/>\nprimavera &#8211; ex: cor = ig.cor_analise ( primavera .. ig.verde );<\/p>\n<p>&nbsp;<\/p>\n<p>Nem toda combina\u00e7\u00e3o \u00e9 poss\u00edvel, se ocorrer erro a cor retornada \u00e9 preto,<\/p>\n<p>mais de uma combina\u00e7\u00e3o pode ocorrer ex: cor = ig.cor_analise ( profundo .. celeste .. ig.azul );<\/p>\n<p>Algumas cores aceitam 4 varia\u00e7\u00f5es, basta concatenar o numero depois da cor:<\/p>\n<p>cor = ig.cor_analise ( ig.laranja .. 1 );\u00a0 cor2 = ig.cor_analise ( ig.laranja .. 2 ); \/\/ ate 4<\/p>\n","protected":false},"excerpt":{"rendered":"<p>N\u00f3s podemos obter cores de duas formas, uma \u00e9 a fun\u00e7\u00e3o ig.cor e outra \u00e9 a fun\u00e7\u00e3o ig.cor_analise. ig.cor recebe tr\u00eas argumentos num\u00e9ricos e retorna uma tabela rgb, ex.: cor = ig.cor( 9999999 , 0 , 0 ); \/\/vermelho o primeiro par\u00e2metro \u00e9 um n\u00famero de 0 a 99999999 para o vermelho (Red); o segundo&#8230;<\/p>\n","protected":false},"author":1,"featured_media":0,"parent":0,"menu_order":0,"comment_status":"open","ping_status":"open","template":"","meta":{"footnotes":""},"class_list":["post-526","page","type-page","status-publish","hentry"],"_links":{"self":[{"href":"https:\/\/linguagemprisma.br4.biz\/blog\/wp-json\/wp\/v2\/pages\/526","targetHints":{"allow":["GET"]}}],"collection":[{"href":"https:\/\/linguagemprisma.br4.biz\/blog\/wp-json\/wp\/v2\/pages"}],"about":[{"href":"https:\/\/linguagemprisma.br4.biz\/blog\/wp-json\/wp\/v2\/types\/page"}],"author":[{"embeddable":true,"href":"https:\/\/linguagemprisma.br4.biz\/blog\/wp-json\/wp\/v2\/users\/1"}],"replies":[{"embeddable":true,"href":"https:\/\/linguagemprisma.br4.biz\/blog\/wp-json\/wp\/v2\/comments?post=526"}],"version-history":[{"count":3,"href":"https:\/\/linguagemprisma.br4.biz\/blog\/wp-json\/wp\/v2\/pages\/526\/revisions"}],"predecessor-version":[{"id":2538,"href":"https:\/\/linguagemprisma.br4.biz\/blog\/wp-json\/wp\/v2\/pages\/526\/revisions\/2538"}],"wp:attachment":[{"href":"https:\/\/linguagemprisma.br4.biz\/blog\/wp-json\/wp\/v2\/media?parent=526"}],"curies":[{"name":"wp","href":"https:\/\/api.w.org\/{rel}","templated":true}]}}